late the highest common factor of 11167 and 3744.
13
Calculate the greatest common factor of 1243 and 58751.
11
Calculate the highest common divisor of 51585 and 724.
181
What is the greatest common factor of 40 and 293390?
10
Calculate the greatest common divisor of 54514 and 13488.
562
What is the highest common divisor of 3856619 and 26?
13
What is the greatest common divisor of 391 and 84507?
17
What is the highest common factor of 3 and 70011?
3
What is the greatest common factor of 70533 and 459?
153
What is the highest common factor of 729650 and 50?
50
What is the highest common divisor of 277 and 19?
1
Calculate the greatest common divisor of 243 and 19773.
9
What is the greatest common factor of 754 and 106546?
58
Calculate the highest common divisor of 1656 and 12213.
207
What is the highest common divisor of 199234 and 5782?
98
Calculate the highest common divisor of 2451 and 2623.
43
Calculate the highest common factor of 37486 and 6.
2
What is the highest common divisor of 5452696 and 2204?
2204
Calculate the greatest common divisor of 420 and 909020.
140
What is the greatest common factor of 1149208 and 8?
8
What is the highest common factor of 48764 and 1168?
292
What is the greatest common factor of 23088 and 1664?
208
Calculate the greatest common factor of 7572 and 3600.
12
What is the highest common factor of 1463 and 843106?
209
What is the highest common factor of 1928 and 5303446?
482
Calculate the highest common factor of 987019 and 106.
53
What is the highest common divisor of 6714 and 16?
2
Calculate the greatest common divisor of 61932 and 390.
78
Calculate the highest common factor of 888 and 42750.
6
What is the greatest common divisor of 149553 and 1827?
261
What is the greatest common factor of 112 and 4599?
7
Calculate the greatest common divisor of 410 and 214594.
82
What is the greatest common factor of 10509 and 129837?
339
What is the greatest common factor of 12871 and 4853?
211
What is the greatest common divisor of 172 and 51643?
43
Calculate the greatest common factor of 218373 and 249.
249
What is the greatest common factor of 135805 and 346?
173
What is the highest common factor of 98100 and 6?
6
What is the highest common factor of 52070 and 9020?
410
What is the greatest common divisor of 21096 and 128?
8
Calculate the highest common divisor of 366 and 14518.
122
What is the highest common divisor of 170084 and 404?
404
What is the greatest common divisor of 402272 and 182?
26
Calculate the highest common divisor of 41 and 3239.
41
What is the highest common factor of 1110 and 102934?
74
Calculate the greatest common factor of 7000 and 3505250.
1750
What is the greatest common divisor of 1244552 and 40?
8
What is the greatest common divisor of 1976 and 39832?
104
Calculate the greatest common factor of 28 and 46802.
14
What is the greatest common factor of 4 and 66032?
4
What is the highest common divisor of 11284 and 13468?
364
What is the highest common divisor of 95 and 2240?
5
What is the greatest common factor of 1300 and 27100?
100
Calculate the greatest common factor of 252 and 256732.
28
Calculate the highest common factor of 16379 and 1507.
11
What is the highest common factor of 252 and 19116?
36
What is the greatest common factor of 514604 and 3556?
508
What is the highest common divisor of 911537 and 9515?
1903
What is the highest common factor of 23290138 and 134?
134
Calculate the highest common divisor of 18350 and 50.
50
Calculate the highest common divisor of 72 and 8484.
12
What is the highest common factor of 3306923 and 11735?
2347
Calculate the highest common divisor of 494673 and 1629.
543
Calculate the greatest common factor of 1508 and 10788.
116
Calculate the highest common divisor of 4514097 and 1806.
903
What is the highest common factor of 722943 and 78?
39
Calculate the greatest common divisor of 1335 and 119883.
267
Calculate the greatest common divisor of 359138 and 988.
494
Calculate the greatest common divisor of 51 and 15633.
3
What is the greatest common factor of 191 and 52907?
191
Calculate the highest common factor of 3531 and 107535.
321
What is the greatest common divisor of 95925 and 15?
15
Calculate the greatest common divisor of 27 and 68589.
9
Calculate the greatest common divisor of 2490 and 8820.
30
Calculate the greatest common factor of 1955 and 340.
85
What is the highest common factor of 17928 and 2952?
72
Calculate the greatest common divisor of 1944 and 1176.
24
What is the greatest common divisor of 1037404 and 8684?
668
What is the greatest common factor of 2075 and 581?
83
What is the greatest common divisor of 37569 and 42?
21
What is the greatest common factor of 25 and 4096475?
25
What is the highest common divisor of 4350 and 12825?
75
Calculate the highest common factor of 120 and 325400.
40
Calculate the highest common factor of 621 and 4370.
23
What is the greatest common divisor of 28503 and 27?
9
Calculate the greatest common divisor of 114860 and 100.
20
What is the greatest common factor of 16 and 683888?
16
Calculate the highest common divisor of 11496482 and 82.
82
Calculate the greatest common factor of 3484 and 11256.
268
What is the highest common factor of 2674 and 5239703?
1337
Calculate the greatest common factor of 785 and 135.
5
Calculate the highest common divisor of 25708 and 488.
4
Calculate the highest common divisor of 2148 and 895.
179
Calculate the greatest common divisor of 4160 and 4615.
65
What is the greatest common factor of 260 and 652132?
52
What is the greatest common factor of 12472553 and 601?
601
Calculate the highest common factor of 184128 and 896.
448
Calculate the greatest common factor of 8 and 843056.
8
What is the greatest common factor of 4536 and 9576?
504
What is the highest common factor of 26210 and 1310?
10
What is the greatest common factor of 23 and 74957?
23
What is the highest common factor of 1714 and 1232366?
1714
What is the highest common factor of 630 and 10255?
35
Calculate the greatest common factor of 28259 and 133.
7
Calculate the highest common factor of 61 and 1094096.
61
What is the highest common divisor of 1339 and 18643?
103
What is the highest common divisor of 40147 and 152?
19
Calculate the greatest common factor of 54061 and 21.
7
What is the highest common factor of 33 and 94831?
11
What is the greatest common factor of 338 and 204997?
169
Calculate the highest common divisor of 8800 and 19580.
220
Calculate the greatest common divisor of 154 and 2477398.
154
Calculate the highest common factor of 4066 and 4750.
38
Calculate the greatest common factor of 41340 and 5088.
636
Calculate the greatest common factor of 31 and 32581.
31
What is the highest common factor of 72917 and 23998?
923
Calculate the highest common factor of 1802150 and 40.
10
What is the highest common factor of 333606 and 141?
141
Calculate the greatest common factor of 16 and 61552.
16
What is the highest common factor of 1598 and 8534?
34
What is the greatest common factor of 76587 and 6321?
147
Calculate the highest common divisor of 235791 and 639.
639
What is the highest common factor of 450 and 300?
150
Calculate the greatest common divisor of 225918 and 294.
42
Calculate the greatest common divisor of 306 and 12726.
18
Calculate the greatest common divisor of 796518 and 323.
323
What is the highest common divisor of 3304 and 381848?
472
What is the greatest common divisor of 20769 and 616749?
903
Calculate the greatest common factor of 4602 and 2298.
6
What is the highest common divisor of 283 and 103?
1
What is the greatest common factor of 55315 and 51129?
299
Calculate the highest common factor of 148 and 40972.
4
What is the greatest common factor of 130312 and 520?
104
Calculate the highest common divisor of 8624 and 441.
49
What is the greatest common factor of 19695 and 520?
65
Calculate the highest common divisor of 2772 and 25938.
198
Calculate the highest common factor of 4725 and 32319.
189
What is the greatest common factor of 71025 and 165?
15
Calculate the greatest common divisor of 11757 and 3.
3
Calculate the greatest common divisor of 96 and 15856.
16
What is the highest common divisor of 45 and 9273?
3
What is the highest common divisor of 25953 and 2532?
633
What is the hi